s the greatest common factor of 8378 and 200699179?
4189
What is the highest common factor of 2540392 and 14832?
824
Calculate the highest common factor of 1391108 and 457.
457
Calculate the highest common factor of 32466 and 2762702.
1546
Calculate the greatest common divisor of 50 and 64646830.
10
What is the greatest common divisor of 232396478 and 452?
226
Calculate the greatest common divisor of 28 and 304457601.
7
What is the greatest common divisor of 233246 and 5564?
26
Calculate the greatest common divisor of 731 and 96602381.
731
Calculate the greatest common divisor of 6417 and 25540776.
279
What is the highest common divisor of 219 and 6662272?
73
Calculate the greatest common divisor of 19437112 and 2003.
2003
What is the greatest common factor of 2762599 and 38801?
161
Calculate the greatest common factor of 2175 and 19946055.
435
What is the highest common factor of 11 and 150913213?
11
Calculate the highest common divisor of 14805 and 14267790.
2115
What is the highest common divisor of 29323827 and 765?
153
Calculate the greatest common divisor of 30747827 and 12956.
3239
Calculate the highest common factor of 28577350 and 18600.
1550
What is the greatest common divisor of 186289219 and 674?
337
What is the greatest common divisor of 2807429 and 422641?
1607
What is the highest common divisor of 1514274 and 8832?
138
What is the highest common divisor of 1876 and 600923?
67
Calculate the greatest common divisor of 10576561 and 2146.
1073
Calculate the greatest common divisor of 272 and 79487546.
34
What is the greatest common divisor of 10683733 and 4571?
653
What is the greatest common factor of 206343540 and 10?
10
What is the greatest common divisor of 113926 and 1844?
2
What is the highest common factor of 34020 and 133070?
70
What is the highest common divisor of 4066 and 8445728?
38
What is the highest common factor of 96 and 54132752?
16
What is the highest common factor of 957930588 and 552?
276
Calculate the highest common divisor of 110591 and 20706038.
8507
What is the greatest common divisor of 7872340 and 4116?
196
Calculate the highest common factor of 44323 and 55118.
127
Calculate the highest common factor of 187325538 and 30.
6
What is the greatest common divisor of 342156265 and 22?
11
What is the greatest common divisor of 5500847 and 4961?
451
Calculate the greatest common factor of 12962439 and 103761.
3843
What is the greatest common divisor of 3180 and 89642928?
636
Calculate the greatest common divisor of 1268 and 46341596.
1268
What is the highest common divisor of 24 and 2337668?
4
What is the greatest common divisor of 725171 and 1411?
83
What is the highest common factor of 585 and 24963393?
39
Calculate the greatest common divisor of 1006122 and 282.
6
Calculate the highest common divisor of 209 and 2043203.
19
What is the greatest common factor of 111412 and 123004?
644
What is the greatest common divisor of 724871286 and 5778?
1926
Calculate the highest common divisor of 645396 and 2724.
12
What is the greatest common divisor of 85 and 31234865?
85
What is the highest common factor of 20152 and 96128704?
1832
What is the highest common divisor of 1727829203 and 53?
53
What is the highest common factor of 21 and 448469805?
21
What is the highest common divisor of 601073851 and 763?
763
Calculate the greatest common divisor of 88429 and 2144.
1
What is the highest common divisor of 60 and 123594?
6
What is the highest common factor of 93217 and 125421?
97
What is the greatest common divisor of 2339400 and 9480?
120
What is the greatest common factor of 7485 and 15881673?
1497
Calculate the greatest common factor of 793 and 216151.
13
What is the highest common divisor of 81714800 and 305340?
14540
What is the highest common divisor of 17034878 and 14?
14
Calculate the greatest common factor of 20919 and 461842709.
6973
What is the greatest common factor of 13465273 and 89737?
4723
What is the greatest common divisor of 3744 and 343902?
78
What is the highest common divisor of 15750465 and 15?
15
Calculate the highest common divisor of 21900 and 3166072050.
10950
What is the highest common divisor of 3687937 and 7339?
179
What is the greatest common divisor of 216 and 38068218?
54
Calculate the highest common divisor of 116112501 and 108.
27
Calculate the highest common divisor of 298499379 and 51.
51
Calculate the highest common divisor of 14761 and 88057.
509
Calculate the highest common factor of 20440 and 44857624.
4088
Calculate the greatest common divisor of 325252 and 8370.
62
Calculate the greatest common divisor of 1262430 and 444132.
3042
Calculate the highest common divisor of 917 and 9497369.
917
What is the greatest common divisor of 67356 and 639?
9
What is the greatest common factor of 73824 and 63274089?
2307
What is the greatest common factor of 608703 and 35872?
1121
Calculate the greatest common divisor of 647901 and 3072753.
1737
What is the greatest common factor of 9956400 and 4900?
100
What is the highest common divisor of 37282 and 102269852?
5326
What is the greatest common divisor of 92597 and 30385?
103
Calculate the highest common factor of 194897520 and 17136.
2448
What is the highest common factor of 38031957 and 83286?
5949
What is the highest common factor of 74 and 749531422?
74
Calculate the greatest common divisor of 247490 and 10.
10
Calculate the highest common factor of 124517 and 205.
41
Calculate the greatest common divisor of 1985660 and 33330.
1010
What is the highest common factor of 1560482 and 336?
14
What is the greatest common factor of 180 and 76551390?
90
What is the highest common divisor of 381 and 3380235429?
381
What is the highest common factor of 474 and 420760162?
158
What is the highest common factor of 374 and 1336324?
22
What is the greatest common factor of 24 and 14599434?
6
Calculate the greatest common factor of 81687 and 219.
219
What is the greatest common factor of 8181664 and 144?
16
Calculate the highest common factor of 301771150 and 30.
10
Calculate the highest common factor of 106700 and 1539560.
220
What is the highest common divisor of 102159 and 33?
3
What is the greatest common factor of 66497735 and 79820?
1535
What is the highest common divisor of 23243681 and 859?
859
Calculate the greatest common divisor of 9932782 and 494.
38
Calculate the highest common divisor of 591444 and 308.
28
Calculate the highest common factor of 13810 and 196970.
10
What is the greatest common factor of 14369263 and 893?
893
Calculate the highest common divisor of 108899 and 15347808.
2317
Calculate the highest common divisor of 4015975 and 200.
25
What is the highest common factor of 759 and 35692008?
33
What is the highest common factor of 49415856 and 196?
28
What is the highest common factor of 55152752 and 2672?
2672
What is the greatest common divisor of 180 and 3004956?
36
Calculate the greatest common divisor of 14526 and 2232969.
807
What is the greatest common factor of 73748 and 2666563?
179
What is the highest common factor of 24250 and 47045?
485
Calculate the greatest common divisor of 3875 and 164796.
31
Calculate the highest common factor of 11730 and 164013.
69
What is the highest common factor of 3323760 and 432?
48
Calculate the highest common divisor of 35343 and 594099.
1683
Calculate the highest common divisor of 3402 and 51954.
42
What is the greatest common factor of 67165 and 1572065?
505
Calculate the greatest common divisor of 15 and 1186015.
5
What is the greatest common divisor of 2987 and 241089731?
2987
Calculate the highest common factor of 18 and 6087282.
6
What is the greatest common divisor of 4117 and 229609?
23
What is the greatest common divisor of 1012 and 46621?
23
What is the greatest common divisor of 59 and 20858093?
59
What is the greatest common divisor of 16882 and 4861649?
367
What is the greatest common divisor of 28139195 and 70?
35
What is the greatest common factor of 1032 and 9808386?
258
What is the greatest common divisor of 12247855 and 710?
355
Calculate the highest common factor of 2556 and 4553372.
284
Calculate the greatest common divisor of 2 and 311856282.
2
What is the highest common divisor of 14550 and 1979091?
291
Calculate the highest common factor of 25 and 58519325.
25
Wha